What is 62a3 (base 14) in base 7?
100363
-34862 (base 10) to base 4
-20200232
What is 64e (base 16) in base 4?
121032
-1895 (base 11) to base 13
-112b
What is -6312 (base 9) in base 14?
-1988
20311 (base 4) to base 9
687
Convert 341 (base 9) to base 10.
280
Convert -6a8 (base 12) to base 5.
-12432
Convert -5156 (base 11) to base 12.
-3b59
What is -3a2 (base 16) in base 2?
-1110100010
Convert -3069 (base 10) to base 3.
-11012200
Convert -1011110000 (base 2) to base 4.
-23300
-123143 (base 5) to base 6
-34114
What is 11121110 (base 3) in base 12?
1b40
Convert 510 (base 10) to base 4.
13332
1021012 (base 3) to base 4
32123
Convert -1895 (base 11) to base 6.
-15043
What is -10101001110 (base 2) in base 14?
-6d0
-1218 (base 15) to base 13
-19a0
-1061 (base 10) to base 4
-100211
Convert 772 (base 8) to base 10.
506
-10010122222 (base 3) to base 7
-344642
What is 13022 (base 6) in base 7?
5465
2551 (base 9) to base 16
775
Convert -233 (base 12) to base 13.
-1c2
What is -109c (base 13) in base 9?
-3164
What is -40664 (base 10) in base 12?
-1b648
What is -51364 (base 8) in base 13?
-9887
Convert -5e7 (base 15) to base 7.
-3625
What is bd6 (base 16) in base 5?
44110
634 (base 8) to base 14
216
Convert 430012 (base 5) to base 6.
150330
11b5 (base 15) to base 10
3770
-24a5 (base 12) to base 7
-15056
Convert 23 (base 15) to base 8.
41
Convert 6a0 (base 11) to base 3.
1010222
Convert 828 (base 10) to base 4.
30330
What is 1769 (base 15) in base 13?
23b5
What is 75 (base 16) in base 7?
225
221220 (base 3) to base 8
1273
13335 (base 10) to base 15
3e40
Convert -433 (base 5) to base 16.
-76
Convert -1011110100 (base 2) to base 7.
-2130
What is 1110221 (base 5) in base 16?
4bec
What is -100100001111011 (base 2) in base 12?
-a8a3
-12222 (base 3) to base 13
-c5
Convert 1c10 (base 15) to base 14.
2310
5757 (base 8) to base 13
1510
What is -777 (base 10) in base 2?
-1100001001
Convert 147a (base 11) to base 3.
2121110
10010001111011 (base 2) to base 11
7020
-961 (base 16) to base 5
-34101
Convert 3021 (base 4) to base 3.
21110
-24303 (base 6) to base 8
-6757
What is 231133 (base 4) in base 6?
21251
What is -4036 (base 7) in base 9?
-1824
What is -1100000110 (base 2) in base 8?
-1406
Convert -3440 (base 5) to base 3.
-200100
Convert 971 (base 13) to base 15.
728
Convert 100211 (base 3) to base 5.
2030
Convert 31311 (base 4) to base 6.
4033
What is -3116 (base 9) in base 12?
-13a3
What is -bb (base 14) in base 6?
-433
120211 (base 3) to base 15
1d7
What is -3312 (base 4) in base 3?
-100010
256 (base 11) to base 9
366
Convert -101100110000010 (base 2) to base 15.
-6bc9
Convert 2145 (base 13) to base 3.
20100010
What is -261540 (base 7) in base 12?
-24190
What is 101011100010111 (base 2) in base 12?
10a9b
ca (base 13) to base 14
bc
63 (base 11) to base 7
126
What is -358 (base 10) in base 9?
-437
-30bb (base 12) to base 14
-1d27
-16b2 (base 13) to base 5
-101411
Convert 10101100100000011 (base 2) to base 8.
254403
Convert -1735 (base 11) to base 4.
-202220
What is -112113 (base 4) in base 16?
-597
Convert -1235 (base 8) to base 4.
-22131
What is 4 (base 13) in base 11?
4
-86 (base 16) to base 11
-112
What is 2242 (base 8) in base 2?
10010100010
210211 (base 3) to base 16
24d
30a68 (base 11) to base 10
45207
Convert 9920 (base 13) to base 12.
10408
What is 48a0 (base 16) in base 8?
44240
3587 (base 9) to base 13
12a6
-ac (base 14) to base 13
-b9
-35a6 (base 15) to base 2
-10110010001110
Convert 230311 (base 4) to base 12.
17b1
Convert -27d (base 14) to base 2.
-111110111
What is -4217 (base 11) in base 2?
-1010111010000
What is 547 (base 13) in base 12?
634
Convert -120545 (base 6) to base 2.
-10100101010001
What is -54491 (base 10) in base 4?
-31103123
What is 3984 (base 11) in base 12?
2bb2
What is 631a (base 12) in base 10?
10822
Convert -638 (base 12) to base 10.
-908
2312 (base 7) to base 9
1135
1100011111100 (base 2) to base 12
3850
What is -3642 (base 9) in base 15?
-c0b
Convert -3b30 (base 12) to base 9.
-10300
What is -34a9 (base 12) in base 4?
-1130001
What is 861b (base 12) in base 10?
14711
Convert 119b2 (base 12) to base 5.
1231034
1146 (base 7) to base 3
120210
-110100011010101 (base 2) to base 6
-324125
Convert -3042 (base 5) to base 4.
-12031
What is -105 (base 15) in base 13?
-149
Convert -12303 (base 8) to base 16.
-14c3
544a (base 13) to base 4
2313023
-5cb6 (base 13) to base 10
-13162
-3a7 (base 12) to base 9
-681
-101110011 (base 2) to base 11
-308
What is 8764 (base 9) in base 11?
4940
What is 1458 (base 10) in base 8?
2662
What is 1245 (base 7) in base 13?
2a6
What is 516 (base 12) in base 8?
1342
537 (base 10) to base 14
2a5
Convert 76 (base 15) to base 14.
7d
-3224 (base 5) to base 8
-667
What is 6ea (base 16) in base 14?
906
-232211 (base 4) to base 12
-1885
What is 38 (base 11) in base 8?
51
-17223 (base 10) to base 8
-41507
Convert 100422 (base 5) to base 9.
4386
What is -222011 (base 3) in base 12?
-4aa
What is -53545 (base 7) in base 12?
-7854
What is 1110111001111001 (base 2) in base 7?
342662
Convert 239a (base 12) to base 5.
112011
23460 (base 10) to base 2
101101110100100
What is 7256 (base 9) in base 6?
40340
What is 110001100 (base 2) in base 8?
614
Convert 70a1 (base 11) to base 14.
3616
Convert -3414 (base 5) to base 16.
-1e4
Convert 262 (base 15) to base 9.
662
What is 10002001 (base 3) in base 2?
100011000010
Convert -1021202 (base 3) to base 7.
-2510
What is -22345 (base 8) in base 15?
-2bea
What is 628 (base 15) in base 6?
10232
515 (base 13) to base 9
1158
100202 (base 4) to base 3
1110012
What is 11301 (base 6) in base 15?
731
What is 44a (base 13) in base 3?
1000100
Convert 1521 (base 9) to base 16.
481
256531 (base 7) to base 10
47944
What is -20000022 (base 3) in base 2?
-1000100011110
Convert 11347 (base 8) to base 5.
123324
Convert 22 (base 14) to base 6.
50
Convert -b840 (base 15) to base 10.
-38985
What is 16982 (base 11) in base 12?
1193a
237 (base 9) to base 6
524
What is 1110220 (base 4) in base 15?
1911
413322 (base 5) to base 2
11010100010011
Convert 203200 (base 5) to base 11.
5019
111000111000 (base 2) to base 15
112a
What is a0 (base 12) in base 3?
11110
What is -187 (base 16) in base 5?
-3031
What is b53 (base 15) in base 7?
10305
Convert -ac4 (base 13) to base 3.
-2112112
Convert 113530 (base 7) to base 16.
5017
What is -22503 (base 8) in base 6?
-112055
What is -441031 (base 5) in base 10?
-15141
1321 (base 7) to base 16
1f9
Convert -12440 (base 5) to base 14.
-511
What is -10e5 (base 15) in base 9?
-4828
Convert -346c (base 13) to base 10.
-7357
What is 279 (base 16) in base 7?
1563
51a (base 12) to base 6
3234
Convert 302342 (base 5) to base 12.
5762
Convert -4227 (base 9) to base 13.
-1549
Convert 847 (base 9) to base 4.
22303
Convert 100100101010 (base 2) to base 6.
14510
What is d904 (base 16) in base 10?
55556
Convert -11a (base 16) to base 11.
-237
What is -15843 (base 13) in base 11?
-28850
Convert 136062 (base 8) to base 11.
33219
What is d44 (base 15) in base 4?
232231
Convert -119a (base 11) to base 13.
-931
c517 (base 15) to base 4
22022233
What is -1184 (base 13) in base 2?
-100110101010
Convert 691 (base 15) to base 5.
21421
-122221 (base 4) to base 8
-3251
-2000003 (base 4) to base 6
-101535
111000110010010 (base 2) to base 10
29074
-32a9 (base 14) to base 10
-8773
Convert 11341 (base 6) to base 11.
1266
What is 3 (base 14) in base 10?
3
Convert 21102122 (base 3) to base 10.
5417
What is 227 (base 8) in base 6?
411
-13b (base 14) to base 11
-207
2a57 (base 11) to base 10
3934
7646 (base 11) to base 14
396d
What is -22121 (base 6) in base 7?
-11650
Convert -31333 (base 4) to base 8.
-1577
Convert -2649 (base 16) to base 3.
-111110000
-2202242 (base 5) to base 15
-b317
11368 (base 12) to base 13
a5c5
Convert 10120111 (base 3) to base 16.
a2d
Convert -112321 (base 4) to base 2.
-10110111001
-113322 (base 4) to base 2
-10111111010
Convert -12212120 (base 3) to base 4.
-1002321
-33451 (base 7) to base 13
-3b11
186a1 (base 12) to base 2
1000101011011001
What is -524535 (base 6) in base 13?
-16493
66d3 (base 16) to base 2
110011011010011
What is -633 (base 9) in base 8?
-1004
What is 788 (base 10) in base 16?
314
-15b (base 15) to base 7
-623
What is -5a8 (base 14) in base 16?
-468
What is -11010